+ 5 = -z. Is n(z) a prime number?
False
Is (1378/65)/((-4)/(-1390)) composite?
True
Let d(h) = -h**2 - 9*h + 1. Let a be d(-13). Let o = -47 - a. Suppose o*z + 1471 = 3*w, -2*z = -0*w - 3*w + 1463. Is w a composite number?
True
Let n(f) be the first derivative of 23*f**3 - 7*f**2 + 5*f + 18. Is n(-12) a prime number?
False
Let p = -141 + 144. Suppose 0 = -p*m + 2*o + 178499, 5*m - o - 297469 = -5*o. Is m a prime number?
True
Suppose -52022 + 145623 = 2877*i - 2876*i. Is i prime?
True
Let w be -1*(-1)/(-2) - (-18)/4. Suppose h = -0*h + 3*s - 46, 5*h - w*s = -219. Is -2 - 2 - h*5 a composite number?
False
Let x(v) = 9571*v - 4. Let h be x(-1). Is h/(-10) + 9/6 prime?
False
Let o = -7712 - -18535. Is o a prime number?
False
Is -3*2 - 6190/40*-148 a composite number?
True
Suppose 0 = 3*v + 4*n - 58859, -21*n + 23*n = -5*v + 98075. Is v a composite number?
True
Suppose -4*u + 12 + 132 = -4*a, -5*a + u = 176. Let p = 37 + a. Suppose p*w - 208 = -2*d - 28, 2*w + 5*d = 189. Is w a prime number?
False
Suppose 6*g = g - 3*s + 46, 5*g = 5*s + 70. Let z(w) = 100*w**2 - 2*w + 65. Is z(g) composite?
False
Let p be -3 + (-1 - -24 - (-3 + 6)). Let d(m) = p - 2*m + m**2 - 4 + 6*m + 3. Is d(-13) a prime number?
False
Let a(x) = x + 2. Let m be a(9). Let l = m + -9. Suppose -204 = -s + f + 18, l*f = 2. Is s prime?
True
Is -2 + 57084 - ((-6)/(-9) + (-46)/6) prime?
True
Let n(s) = 0 - 1 - 8*s**2 + 2*s**2 - s**3 - 11*s. Let x = -27 + 21. Is n(x) a composite number?
True
Suppose -p + 2*v + 4937 = 0, 2*p + 41*v - 9879 = 44*v. Let y(g) = -899*g. Let l be y(2). Let x = l + p. Is x a composite number?
True
Is (-2415571 + -10)/(-17) - (-1 - 3) prime?
True
Suppose 32*h = 124*h - 58795636. Is h a prime number?
True
Let j be (-2 - (-37)/4)/((-8)/(-416)). Suppose 4*x + j = 1633. Is x a composite number?
True
Let m(r) be the first derivative of r**3/3 + 15*r**2 - 5*r + 13. Is m(7) a composite number?
True
Let c(o) be the third derivative of 59*o**5/60 + 7*o**4/24 + 15*o**2. Let n be c(10). Suppose -10*f + n + 1370 = 0. Is f a composite number?
True
Let v = 6875 - 4057. Is v a composite number?
True
Let s be (-3)/(-6)*12 + -12. Is s - -12 - (-9735)/3 a prime number?
True
Let r = 235010 - 118773. Is r a composite number?
True
Suppose -5*c + 3*w + 600 = -0*w, 5*w + 376 = 3*c. Suppose -c*s = -115*s - 1964. Is s prime?
False
Let x = 309 + -204. Let r be 70/x*(1/2 - -1). Let n(p) = 336*p**3 - 2*p + 1. Is n(r) a prime number?
False
Let o = 129250 + -45203. Is o a prime number?
True
Suppose 12137877 = 238*w - 63*w + 3574952. Is w prime?
False
Let p(m) = 3122*m + 5. Let k(v) = -2081*v - 3. Let t(j) = -8*k(j) - 5*p(j). Let h be (-12)/(-48) - 15/(-4). Is t(h) prime?
False
Let b(l) = 17968*l + 321. Is b(7) composite?
False
Suppose 5*l = -a + 1644, 4 = l - 0*l. Let u = a + -1121. Is u composite?
False
Suppose -206*c + 94*c + 1929852 = 644428. Is c a prime number?
False
Suppose 11*x = 4*x + 133. Suppose x*g - 9021 = -12*g. Is g a prime number?
False
Suppose -2*j = 5*j - 98. Suppose -j*k - 27 - 29 = 0. Is 6/9*(-4134)/k a composite number?
True
Suppose -19*w + 4*v + 62 = -14*w, -31 = -4*w - 3*v. Suppose -5*l + w = 0, -5*o - 2*l + 4433 = -3*l. Is o composite?
False
Let s(u) = -3*u + 3. Let y be s(2). Let j be ((-1 - 9) + 4)*(y + 1). Is ((-28)/j - -3)*(-2757)/(-2) a prime number?
True
Let y(l) = l**3 + 12*l**2 + l + 12. Let b be y(-12). Let u be (13 + b)/((-12)/(-12)). Let v(o) = 12*o**2 + 12*o - 23. Is v(u) a prime number?
True
Is 4/(-12)*17/((-170)/6707310) composite?
False
Let s(i) = i**3 - 5*i**2 + 4*i - 1. Let o be s(3). Let f(r) = 35*r + 12. Let a(b) = -71*b - 24. Let h(n) = -6*a(n) - 13*f(n). Is h(o) a prime number?
True
Suppose -26*r = -28*r + 100. Suppose -r = k - 46. Is 4255/20 - (k/(-16))/(-1) prime?
False
Suppose -3*y = 4*b - 4333654, 0 = -4*y + 24. Is b a composite number?
False
Is (-3438867 + 1)*2/(-6) + (-31)/(-93) a composite number?
True
Suppose -5*o + 4*t + 41 = 0, 7*t - 2*t = 5*o - 45. Suppose 4*b = -o*w + 9789, w - 11213 = -4*b - 1444. Is b composite?
False
Let d(q) be the third derivative of -3*q**4/2 + 37*q**3/6 - 2*q**2 - 28. Is d(-24) a prime number?
False
Let i(x) = -4*x**3 + 23*x**2 - 2*x - 19. Let r(f) be the first derivative of -5*f**4/4 + 8*f**3 - f**2 - 20*f + 5. Let c(v) = -6*i(v) + 5*r(v). Is c(-19) prime?
True
Let t(l) = 5*l - 27. Let q be t(9). Suppose -6*w = -q - 12. Suppose -4*v = w*v - 22023. Is v composite?
False
Suppose 0 = -186*r + 147*r + 17571567. Is r prime?
False
Let s(y) = 24*y - 3 + 17 - 7*y + 17*y**2 - y**3 + 8. Let v be s(18). Suppose 0*r = -5*r - v*c + 897, -2*r + 366 = 4*c. Is r a composite number?
True
Suppose 0 = -2*s + 3*s - 42. Let h = s - -663. Suppose g - h = -2*g. Is g a prime number?
False
Suppose 4749 = 2*f - 947. Let u = -1745 + f. Is u a prime number?
True
Let g(x) = 3685*x**2 - 85*x + 29. Is g(12) composite?
False
Suppose 363*u + 501*u = 3149844192. Is u a prime number?
False
Let b = -3871 + 10666. Suppose -83735 + b = -4*x. Is x prime?
False
Let n(c) = -c**2 + 13*c - 23. Let v be n(11). Let u be 1 + 2 + (-413)/v. Suppose d - u = 141. Is d a prime number?
True
Let l = 1526277 + -137404. Is l prime?
True
Suppose 245*b = 221*b + 1255272. Is b a composite number?
True
Let k(p) = -7*p**3 - 8*p**2 - 12*p + 2. Let h = -71 + -19. Let b = -95 - h. Is k(b) a composite number?
True
Let f be (5*4/20)/(1/4). Let y be (-15)/(-1)*((-16)/(-10))/f. Suppose -1108 = -y*r + 5330. Is r prime?
False
Suppose -21525117 + 1908789 = -72*r. Is r composite?
False
Suppose -i + 5*b = -0*b - 13, 4*i = -4*b + 4. Suppose -7*d + i*d = 12. Is (-680)/(-1) - 9/d a prime number?
True
Suppose 16 = -4*w, 4*p + 8 = -40*w + 38*w. Let o(r) = 595*r**3 - r**2 + r - 1. Let y be o(1). Suppose p = 4*i - y - 1538. Is i a prime number?
False
Suppose -8*m - 8451 = -35*m. Let d = m - 227. Is d prime?
False
Let k = -18234 + 38778. Let i be (-126)/9 + 6 + 12. Is i/14 + k/28 a prime number?
False
Suppose -5*i + 5*d = -75475, 17*i + 2*d = 20*i - 45281. Is i a composite number?
False
Let c(o) = o + 8. Suppose 0 = -2*a - 10 - 12. Let r be c(a). Is (-554)/r - 9/(-27) composite?
True
Let o = 195307 - -164652. Is o composite?
True
Let z = -40 - -32. Let q(r) = -3*r**3 - r + 17. Is q(z) a prime number?
False
Suppose 5*y = n + 21, -5*n - 7 = -2. Suppose -y*c = 5*f - 9327, -4*f + 7 = 11. Is c a prime number?
True
Let g(m) = 6*m**3 + m**2 + 17*m - 17. Let q be g(-7). Let h = 524 - q. Is h a composite number?
True
Let o(g) = -g**3 - 32*g**2 + 5*g + 45. Let q(t) = -33*t + 27. Let l be q(2). Is o(l) composite?
True
Suppose -4*n + 2 = q, -2*q + 25 - 9 = -4*n. Let z(h) be the second derivative of -82*h**3/3 - 5*h**2/2 + 2*h. Is z(n) a prime number?
False
Suppose 4*o = -4*t, -9*t + 4*t = -5*o - 20. Is 3 + ((-1)/o - (-35192)/16) prime?
True
Let u(f) = f**3 - 31*f**2 - 187*f + 212. Is u(69) a composite number?
False
Let o = -1929 + 65680. Is o prime?
False
Let l(p) be the third derivative of p**5/60 - p**4/8 - 2*p**3/3 - 2*p**2. Let a be l(-1). Suppose a = 5*d - 19 + 4. Is d prime?
True
Let t = -403 + 1254. Let f = -392 - -22. Let n = f + t. Is n prime?
False
Suppose 227*y = 231*y - 832036. Is y a composite number?
False
Let x(d) = 1475*d**2 - 40*d - 136. Is x(-19) prime?
False
Suppose -4*z - n + 11302 = -1204, 3*z - 9382 = -2*n. Suppose 3*q + z = 9*q. Is q prime?
True
Let h(n) = -n - 14. Let b be h(-12). Let z(k) = -395*k**3 - k**2 - 1. Is z(b) a prime number?
False
Suppose 0 = 2*y + j - 13, 0 = 8*j - 4*j - 12. Suppose -10 = -5*o, 5193 = 5*q - y*o + 4*o. Is q a composite number?
False
Suppose 3*v + 26 = -5*a + 6*a, 0 = -5*v - 25. Suppose 2*y - 3 = 2*k + a, 0 = -2*k - 10. Suppose -y*g = -14*g + 1860. Is g composite?
True
Let v = 11103 - 8434. Is v a composite number?
True
Suppose 2216358 + 2835112 = 4*m + y, -1262851 = -m - 3*y. Is m composite?
False
Let n be (2/(-1) - -3)/(6/1446). Suppose -2667 = -4*d + n. Is d prime?
True
Let f = 12704 - -2603. Is f prime?
True
Let b = 3421 - 2405. Suppose -1244 - b = 2*o. Let z = o - -4767. Is z composite?
False
Suppose 8*a - 16243982 = -17*a + 51388193. Is a a prime number?
False
Is 39854*2/8*(7 - -7) a prime number?
False
Suppose 4*t - 5*r - 30353 = 0, -3*t + 5*r - 11000 + 33766 = 0. Let g = 2849 + -6937. Let c = g + t. Is c prime?
True
Suppose -229*b + 17173